 common factor of 3933 and 7117856?
437
What is the highest common factor of 388841 and 10676?
17
What is the greatest common factor of 60138414 and 56742?
8106
What is the greatest common divisor of 5828 and 4609196?
188
Calculate the greatest common factor of 5198 and 1164260.
46
Calculate the highest common divisor of 275773512 and 840.
168
What is the greatest common divisor of 7568044 and 1056?
44
Calculate the highest common divisor of 112266 and 495693.
297
Calculate the highest common divisor of 976243 and 885862.
641
What is the greatest common factor of 190247 and 4565401?
527
Calculate the highest common factor of 9011484 and 225.
9
What is the highest common divisor of 22518 and 1162874?
278
Calculate the greatest common factor of 26793 and 2901201.
687
Calculate the greatest common divisor of 3009 and 13632009.
177
What is the highest common factor of 1514784394 and 158?
158
What is the greatest common divisor of 2731322 and 122734?
218
What is the highest common factor of 23125 and 3675?
25
What is the greatest common factor of 626574690 and 1180?
590
What is the greatest common divisor of 27696 and 47003574?
3462
What is the highest common divisor of 1125421 and 41789?
1441
Calculate the highest common factor of 18274955 and 295.
295
What is the highest common factor of 39540 and 10776?
12
Calculate the greatest common factor of 9492 and 79224.
12
Calculate the greatest common divisor of 1050 and 3298225.
175
Calculate the highest common factor of 103501 and 33785.
29
What is the greatest common factor of 17441861 and 485?
97
Calculate the highest common divisor of 21794363 and 67.
67
Calculate the highest common divisor of 38761168 and 464.
464
Calculate the highest common factor of 49504 and 125307.
1547
What is the greatest common divisor of 36 and 34849956?
12
What is the highest common factor of 7949922 and 205037?
1723
What is the greatest common factor of 623784 and 304416?
168
What is the highest common divisor of 14 and 13376643?
7
What is the greatest common divisor of 564039 and 3339?
63
What is the greatest common divisor of 9408 and 253632?
192
What is the highest common factor of 14635061 and 322?
161
Calculate the highest common divisor of 60 and 29767620.
60
Calculate the greatest common divisor of 1143 and 60183.
9
Calculate the greatest common divisor of 22700691 and 72.
9
What is the highest common factor of 90649 and 42731?
247
What is the greatest common factor of 510 and 298776972?
102
What is the greatest common factor of 106908 and 4793344?
604
What is the highest common factor of 6557833 and 713?
31
Calculate the highest common divisor of 2107 and 12050913.
49
What is the highest common factor of 278 and 202715098?
278
Calculate the greatest common divisor of 1144155645 and 45.
45
What is the highest common factor of 48 and 61647732?
12
Calculate the greatest common factor of 2331851 and 37259.
703
What is the highest common divisor of 36580 and 993364?
124
Calculate the highest common divisor of 125120 and 168130.
3910
Calculate the highest common factor of 611713 and 15577.
421
Calculate the highest common factor of 467412 and 8448.
132
Calculate the highest common factor of 290928 and 104413056.
10032
What is the greatest common factor of 651 and 7361256?
21
What is the greatest common divisor of 7984 and 18205516?
1996
Calculate the highest common factor of 155682 and 18.
18
Calculate the greatest common factor of 42745 and 628310.
415
What is the highest common factor of 72 and 10549989?
9
Calculate the highest common divisor of 12448 and 8050744.
3112
What is the highest common divisor of 2637 and 491679?
9
Calculate the greatest common factor of 478 and 204644945.
239
Calculate the highest common divisor of 65457 and 727524.
63
What is the greatest common factor of 542782814 and 112?
14
Calculate the highest common factor of 270 and 4363170.
30
Calculate the greatest common divisor of 25531 and 4641367.
211
Calculate the greatest common divisor of 9677637 and 19025.
761
Calculate the highest common divisor of 23414455 and 403.
31
What is the greatest common divisor of 807 and 70830659?
269
What is the highest common factor of 24518 and 61493030?
1886
What is the highest common divisor of 109941482 and 224?
14
Calculate the highest common factor of 42 and 210900627.
21
What is the greatest common divisor of 35 and 151656610?
35
Calculate the greatest common factor of 6478615 and 104.
13
What is the greatest common factor of 3075015 and 381495?
435
Calculate the greatest common factor of 747494 and 26.
2
What is the greatest common factor of 101250 and 66330?
90
Calculate the highest common factor of 1709475 and 96600.
1725
What is the greatest common factor of 27191080 and 3920?
1960
What is the highest common factor of 32960781 and 7533?
279
What is the highest common factor of 141085 and 183715?
1015
What is the highest common divisor of 408 and 334143075?
51
What is the highest common divisor of 1545187 and 3317?
107
Calculate the highest common divisor of 226586083 and 2425.
97
What is the highest common divisor of 4064379 and 6105?
33
What is the highest common factor of 8309 and 2220877?
1187
Calculate the greatest common divisor of 4 and 1726707416.
4
What is the greatest common factor of 38856044 and 1816?
908
What is the highest common divisor of 277724 and 17?
1
What is the greatest common factor of 807420 and 27255?
15
Calculate the highest common factor of 4664916 and 171.
9
Calculate the greatest common divisor of 7476516 and 7252.
148
What is the greatest common factor of 187 and 9497237?
17
Calculate the greatest common divisor of 435 and 54300963.
87
Calculate the greatest common factor of 1116579 and 27.
3
Calculate the highest common factor of 15913546 and 297.
11
What is the highest common factor of 10398961 and 74?
37
Calculate the greatest common divisor of 558 and 585486.
18
Calculate the greatest common divisor of 250964814 and 1884.
942
Calculate the highest common factor of 867 and 23799.
3
What is the highest common divisor of 962598 and 15288?
546
Calculate the greatest common factor of 24 and 129204.
12
What is the greatest common factor of 231 and 2243549?
77
What is the highest common divisor of 11153754 and 54?
54
Calculate the greatest common divisor of 777880 and 940.
20
What is the highest common divisor of 835723 and 756?
7
Calculate the highest common factor of 26003152 and 256.
16
What is the highest common divisor of 227650 and 14558?
58
What is the highest common divisor of 275364 and 264348?
36
What is the highest common divisor of 125398 and 1478750?
2366
What is the greatest common divisor of 28779 and 5829467?
181
Calculate the highest common divisor of 5431065 and 1230.
615
What is the highest common factor of 27547682 and 38?
38
What is the highest common divisor of 43604553 and 1695?
339
Calculate the highest common factor of 39205788 and 36.
12
Calculate the greatest common factor of 66396568 and 784.
392
What is the greatest common factor of 1476 and 708228?
36
What is the highest common factor of 3788348 and 612?
68
Calculate the greatest common divisor of 16196985 and 315.
315
Calculate the highest common factor of 84721008 and 645.
129
Calculate the highest common factor of 2166237 and 963.
9
What is the highest common factor of 126 and 410208?
6
What is the highest common factor of 97409269 and 3638?
1819
Calculate the greatest common divisor of 552 and 195295323.
69
Calculate the highest common divisor of 117989307 and 14067.
4689
Calculate the greatest common divisor of 42 and 474471585.
21
Calculate the highest common divisor of 29565 and 168995.
365
What is the highest common factor of 9882 and 75771?
9
What is the greatest common factor of 188438230 and 15?
5
Calculate the greatest common divisor of 49511940 and 530.
10
Calculate the greatest common factor of 19624275 and 3321.
81
What is the highest common divisor of 1383233 and 220463?
113
What is the greatest common divisor of 9042688 and 1536?
256
Calculate the greatest common factor of 6486731 and 58547.
461
What is the highest common factor of 40005 and 6118245?
315
What is the greatest common factor of 189908838 and 10773?
1197
What is the highest common factor of 27 and 253798497